{"id":573,"date":"2020-09-24T16:04:40","date_gmt":"2020-09-24T16:04:40","guid":{"rendered":"https:\/\/wiesender-derma.at\/?page_id=573"},"modified":"2020-10-19T13:31:46","modified_gmt":"2020-10-19T13:31:46","slug":"elementor-573","status":"publish","type":"page","link":"https:\/\/wiesender-derma.at\/?page_id=573","title":{"rendered":"Impressum"},"content":{"rendered":"\t\t<div data-elementor-type=\"wp-page\" data-elementor-id=\"573\" class=\"elementor elementor-573\" data-elementor-settings=\"[]\">\n\t\t\t\t\t\t<div class=\"elementor-inner\">\n\t\t\t\t\t\t\t<div class=\"elementor-section-wrap\">\n\t\t\t\t\t\t\t<section class=\"elementor-section elementor-top-section elementor-element elementor-element-056186a elementor-section-boxed elementor-section-height-default elementor-section-height-default elementor-invisible\" data-id=\"056186a\" data-element_type=\"section\" data-settings=\"{&quot;animation&quot;:&quot;none&quot;}\">\n\t\t\t\t\t\t<div class=\"elementor-container elementor-column-gap-default\">\n\t\t\t\t\t\t\t<div class=\"elementor-row\">\n\t\t\t\t\t<div class=\"elementor-column elementor-col-100 elementor-top-column elementor-element elementor-element-2958bdf\" data-id=\"2958bdf\" data-element_type=\"column\">\n\t\t\t<div class=\"elementor-column-wrap elementor-element-populated\">\n\t\t\t\t\t\t\t<div class=\"elementor-widget-wrap\">\n\t\t\t\t\t\t<div class=\"elementor-element elementor-element-7f0aa4a elementor-invisible elementor-widget elementor-widget-text-editor\" data-id=\"7f0aa4a\" data-element_type=\"widget\" data-settings=\"{&quot;_animation&quot;:&quot;none&quot;}\" data-widget_type=\"text-editor.default\">\n\t\t\t\t<div class=\"elementor-widget-container\">\n\t\t\t\t\t<div class=\"elementor-text-editor elementor-clearfix\"><p><span style=\"color: #808080;\"><strong>Impressum<\/strong><\/span><\/p><div class=\"entry-content\"><p>Die Nutzung unserer Seite ist ohne eine Angabe von personenbezogenen Daten m\u00f6glich. F\u00fcr die Nutzung einzelner Services unserer Seite k\u00f6nnen sich hierf\u00fcr abweichende Regelungen ergeben, die in diesem Falle nachstehend gesondert erl\u00e4utert werden. Ihre personenbezogenen Daten (z.B. Name, Anschrift, E-Mail, Telefonnummer, u.\u00e4.) werden von uns nur gem\u00e4\u00df den Bestimmungen des \u00f6sterreichischen Datenschutzrechts verarbeitet. Daten sind dann personenbezogen, wenn sie eindeutig einer bestimmten nat\u00fcrlichen Person zugeordnet werden k\u00f6nnen.<br \/>Die EU-Datenschutz-Grundverordnung, das Datenschutzgesetz 2000 sowie das Datenschutz-Anpassungsgesetz 2018 dienen dem Recht auf Schutz personenbezogener Daten. Wir verarbeiten Ihre Daten ausschlie\u00dflich auf Grundlage der gesetzlichen Bestimmungen (DSGVO, DSG 2018, TKG 2003).<\/p><p>\u00a0<\/p><p>Informationspflicht laut \u00a75 E-Commerce Gesetz, \u00a714 Unternehmensgesetzbuch, \u00a763 Gewerbeordnung und Offenlegungspflicht laut \u00a725 Mediengesetz.<\/p><p>\u00a0<\/p><p>Dr. Markus Wiesender<br \/>\u00c4rztezentrum, Donaustadtstra\u00dfe 1<\/p><p>1220 Wien<\/p><p>\u00a0<\/p><p><span style=\"color: #808080;\"><strong>Aufsichtsbeh\u00f6rde<\/strong><\/span><\/p><p>\u00c4rztekammer f\u00fcr Wien und Magistrat der Stadt Wien<br \/>Weihburggasse 10-12<br \/>1010 Wien<\/p><p>\u00a0<\/p><p><span style=\"color: #808080;\"><strong>Berufsbezeichnung und berufsrechtliche Regelungen<\/strong><\/span><\/p><p>Berufsbezeichnung: Facharzt f\u00fcr Haut- und Geschlechtskrankheiten<br \/>Zust\u00e4ndige Kammer: Mitglied der Wiener \u00c4rztekammer<\/p><p>\u00a0<\/p><p><span style=\"color: #808080;\"><strong>Kontakt<\/strong><\/span><\/p><p>Telefon: <span class=\"s1\">+43\/660 823 1220<\/span><\/p><p>E-Mail: ordination@wiesender-derma.at<\/p><p>\u00a0<\/p><p><span style=\"color: #808080;\"><strong>Bildnachweis<\/strong><\/span><\/p><p>Wiesender<\/p><p>\u00a0<\/p><p><span style=\"color: #808080;\"><strong>Streitschlichtung<\/strong><\/span><\/p><p>Die Europ\u00e4ische Kommission stellt eine Plattform zur Online-Streitbeilegung (OS) bereit:\u00a0<a href=\"https:\/\/ec.europa.eu\/consumers\/odr\" target=\"_blank\" rel=\"noopener noreferrer\">https:\/\/ec.europa.eu\/consumers\/odr<\/a>. Unsere E-Mail-Adresse finden Sie oben im Impressum. Wir sind nicht bereit oder verpflichtet, an Streitbeilegungsverfahren vor einer Verbraucherschlichtungsstelle teilzunehmen.<\/p><\/div><\/div>\n\t\t\t\t<\/div>\n\t\t\t\t<\/div>\n\t\t\t\t\t\t<\/div>\n\t\t\t\t\t<\/div>\n\t\t<\/div>\n\t\t\t\t\t\t\t\t<\/div>\n\t\t\t\t\t<\/div>\n\t\t<\/section>\n\t\t\t\t\t\t<\/div>\n\t\t\t\t\t\t<\/div>\n\t\t\t\t\t<\/div>\n\t\t","protected":false},"excerpt":{"rendered":"<p>Impressum Die Nutzung unserer Seite ist ohne eine Angabe von personenbezogenen Daten m\u00f6glich. F\u00fcr die Nutzung einzelner Services unserer Seite k\u00f6nnen sich hierf\u00fcr abweichende Regelungen ergeben, die in diesem Falle nachstehend gesondert erl\u00e4utert werden. Ihre personenbezogenen Daten (z.B. Name, Anschrift, E-Mail, Telefonnummer, u.\u00e4.) werden von uns nur gem\u00e4\u00df den Bestimmungen des \u00f6sterreichischen Datenschutzrechts verarbeitet. Daten &hellip;<\/p>\n<p class=\"read-more\"> <a class=\"\" href=\"https:\/\/wiesender-derma.at\/?page_id=573\"> <span class=\"screen-reader-text\">Impressum<\/span> Read More \u00bb<\/a><\/p>\n","protected":false},"author":1,"featured_media":0,"parent":0,"menu_order":0,"comment_status":"closed","ping_status":"closed","template":"","meta":[],"yoast_head":"<!-- This site is optimized with the Yoast SEO plugin v15.1.1 - https:\/\/yoast.com\/wordpress\/plugins\/seo\/ -->\n<title>Impressum - Dr. Markus Wiesender - Facharzt f\u00fcr Haut- und Geschlechtskrankheiten<\/title>\n<meta name=\"robots\" content=\"index, follow, max-snippet:-1, max-image-preview:large, max-video-preview:-1\" \/>\n<link rel=\"canonical\" href=\"https:\/\/wiesender-derma.at\/?page_id=573\" \/>\n<meta property=\"og:locale\" content=\"de_DE\" \/>\n<meta property=\"og:type\" content=\"article\" \/>\n<meta property=\"og:title\" content=\"Impressum - Dr. Markus Wiesender - Facharzt f\u00fcr Haut- und Geschlechtskrankheiten\" \/>\n<meta property=\"og:description\" content=\"Impressum Die Nutzung unserer Seite ist ohne eine Angabe von personenbezogenen Daten m\u00f6glich. F\u00fcr die Nutzung einzelner Services unserer Seite k\u00f6nnen sich hierf\u00fcr abweichende Regelungen ergeben, die in diesem Falle nachstehend gesondert erl\u00e4utert werden. Ihre personenbezogenen Daten (z.B. Name, Anschrift, E-Mail, Telefonnummer, u.\u00e4.) werden von uns nur gem\u00e4\u00df den Bestimmungen des \u00f6sterreichischen Datenschutzrechts verarbeitet. Daten &hellip; Impressum Read More \u00bb\" \/>\n<meta property=\"og:url\" content=\"https:\/\/wiesender-derma.at\/?page_id=573\" \/>\n<meta property=\"og:site_name\" content=\"Dr. Markus Wiesender - Facharzt f\u00fcr Haut- und Geschlechtskrankheiten\" \/>\n<meta property=\"article:modified_time\" content=\"2020-10-19T13:31:46+00:00\" \/>\n<meta name=\"twitter:card\" content=\"summary_large_image\" \/>\n<script type=\"application\/ld+json\" class=\"yoast-schema-graph\">{\"@context\":\"https:\/\/schema.org\",\"@graph\":[{\"@type\":\"WebSite\",\"@id\":\"https:\/\/wiesender-derma.at\/#website\",\"url\":\"https:\/\/wiesender-derma.at\/\",\"name\":\"Dr. Markus Wiesender - Facharzt f\\u00fcr Haut- und Geschlechtskrankheiten\",\"description\":\"\",\"potentialAction\":[{\"@type\":\"SearchAction\",\"target\":\"https:\/\/wiesender-derma.at\/?s={search_term_string}\",\"query-input\":\"required name=search_term_string\"}],\"inLanguage\":\"de\"},{\"@type\":\"WebPage\",\"@id\":\"https:\/\/wiesender-derma.at\/?page_id=573#webpage\",\"url\":\"https:\/\/wiesender-derma.at\/?page_id=573\",\"name\":\"Impressum - Dr. Markus Wiesender - Facharzt f\\u00fcr Haut- und Geschlechtskrankheiten\",\"isPartOf\":{\"@id\":\"https:\/\/wiesender-derma.at\/#website\"},\"datePublished\":\"2020-09-24T16:04:40+00:00\",\"dateModified\":\"2020-10-19T13:31:46+00:00\",\"inLanguage\":\"de\",\"potentialAction\":[{\"@type\":\"ReadAction\",\"target\":[\"https:\/\/wiesender-derma.at\/?page_id=573\"]}]}]}<\/script>\n<!-- \/ Yoast SEO plugin. -->","_links":{"self":[{"href":"https:\/\/wiesender-derma.at\/index.php?rest_route=\/wp\/v2\/pages\/573"}],"collection":[{"href":"https:\/\/wiesender-derma.at\/index.php?rest_route=\/wp\/v2\/pages"}],"about":[{"href":"https:\/\/wiesender-derma.at\/index.php?rest_route=\/wp\/v2\/types\/page"}],"author":[{"embeddable":true,"href":"https:\/\/wiesender-derma.at\/index.php?rest_route=\/wp\/v2\/users\/1"}],"replies":[{"embeddable":true,"href":"https:\/\/wiesender-derma.at\/index.php?rest_route=%2Fwp%2Fv2%2Fcomments&post=573"}],"version-history":[{"count":22,"href":"https:\/\/wiesender-derma.at\/index.php?rest_route=\/wp\/v2\/pages\/573\/revisions"}],"predecessor-version":[{"id":903,"href":"https:\/\/wiesender-derma.at\/index.php?rest_route=\/wp\/v2\/pages\/573\/revisions\/903"}],"wp:attachment":[{"href":"https:\/\/wiesender-derma.at\/index.php?rest_route=%2Fwp%2Fv2%2Fmedia&parent=573"}],"curies":[{"name":"wp","href":"https:\/\/api.w.org\/{rel}","templated":true}]}}